r of 7 and s?
1
Let p = 84 + -36. Let o be -4*2*1 + 0. Let h = p + o. What is the greatest common divisor of h and 10?
10
Let x = 29 + 4. What is the highest common divisor of 3 and x?
3
Let v(f) = -2*f**3 - 3*f**2 + 2. Suppose 5*m = -4*b - 13, -11 = 4*b + 4*m - m. Let j be v(b). Let c = -66 + 114. Calculate the highest common factor of c and j.
6
Suppose 2*i = -3*i. Suppose 2*c + 30 = 4*j - 0*j, j + 2*c - 5 = i. What is the highest common divisor of j and 49?
7
Let c = -16 + 18. What is the greatest common factor of c and 2?
2
Let y be ((-120)/(-18))/((-3)/(-54)*4). Calculate the highest common divisor of 45 and y.
15
Suppose -r + 930 = -6*r. Let x = -115 + 499. Let g = r + x. Calculate the highest common divisor of 18 and g.
18
Let h(k) = 6*k - 24. Let r be h(8). Calculate the highest common divisor of 96 and r.
24
Suppose u - 6 - 1 = 0. Calculate the highest common factor of u and 7.
7
Let c = -98 + -9. Let d = 3 - c. Suppose 190 + d = 5*n - 4*y, -3*y = -3*n + 180. Calculate the highest common factor of n and 24.
12
Let w(o) = 3*o - 4. Let z be w(7). Let s(b) = -11*b**3 - 2*b - 1. Let k be s(-1). Let i = k - -73. What is the highest common factor of z and i?
17
Suppose 0 = -3*a + 2*p + 21 + 30, -5*a - 5*p + 60 = 0. Calculate the greatest common divisor of 10 and a.
5
Let k be 58/6 - 11/(-33). Suppose -5*i + 50 = x - i, -2*i = 5*x - 250. Calculate the highest common factor of x and k.
10
Let n be (-150)/(-3) + 1*-2. Calculate the greatest common divisor of n and 16.
16
Suppose 73 = 2*s - 5*z, 3*s - 103 - 17 = -3*z. Calculate the highest common divisor of s and 117.
39
Suppose -4*y + 15 = -33. What is the highest common factor of 84 and y?
12
Let s(x) = x**3 + 5*x**2 - x - 2. Let q be s(-5). Suppose -2*o + 40 = 2*g, -g - q*g + 82 = 5*o. What is the greatest common factor of g and 144?
18
Suppose -3*j + 16 = j, -3*v + 172 = -2*j. Calculate the greatest common factor of 15 and v.
15
Let k(j) = -j**3 + 20*j**2 + 49*j - 45. Let l be k(22). What is the highest common divisor of l and 52?
13
Let u(g) = 57*g - 1. Let a be u(1). What is the highest common factor of 28 and a?
28
Suppose -5*z + 29 = 2*h, -3*z + 5 = -5*h - 0. Suppose 2*j - 4*t = -2*j + 120, -4*j + h*t + 114 = 0. Calculate the highest common divisor of j and 18.
9
Let v be 508/14 - 4/14. Let g = 4 - 1. Suppose 0 = q - 0*o + 5*o + 1, -g*o - 33 = -3*q. What is the highest common divisor of v and q?
9
Suppose 3*v = 4 + 5. Suppose -5*w = 2*y - 5, -3*y + y + w - 13 = 0. Let k be 5 + y/((-15)/(-6)). What is the greatest common divisor of k and v?
3
Let k(g) = g + 1. Let v be k(4). Let z(y) = 5 - 2*y - 2*y + 4. Let n be z(-9). Calculate the greatest common factor of v and n.
5
Let x be (-15)/(-6) - (-2)/4. Suppose -2*v + x*n = -243, 0 = v - 5*v - 2*n + 510. Calculate the greatest common factor of v and 18.
18
Suppose 7*l = 2*l. Suppose l = -3*m + 7*m - 4. Suppose 28 = 3*k + m. What is the greatest common divisor of 27 and k?
9
Suppose g = -5*l - g - 28, 2*l = -4*g - 8. Let o be (1*l)/(9/6). Let c be (-3)/(-6) - 138/o. What is the greatest common divisor of 7 and c?
7
Let f(c) = -3*c + 80. Let i be f(25). Calculate the highest common factor of i and 4.
1
Let n = -14 + 26. What is the highest common factor of n and 18?
6
Let z(w) = -w**3 - 8*w**2 + 8*w + 1. Let x be z(-9). Suppose -3*k + x = -k. Calculate the highest common divisor of 2 and k.
1
Let g be 0 - (-1 - (7 - 2)). Calculate the highest common factor of 9 and g.
3
Suppose 2*h = 3*a + 3, 2*h + 2*a - 17 = -3*h. What is the highest common factor of h and 24?
3
Let u = 8 - 2. Let j(d) = -d**3 - 3*d**2 - 5*d - 3. Let z be j(-3). Calculate the greatest common divisor of u and z.
6
Let h be 2/14 + (-321)/(-7). What is the greatest common divisor of 23 and h?
23
Let l = 2 - 2. Suppose l*q = q - 7. Suppose -q*r = -3*r - 44. Calculate the highest common factor of r and 22.
11
Suppose 3 + 19 = 2*w + 4*s, 0 = -w - 4*s + 21. Let c = 1 + w. Let q(i) = i**2 - i - 1. Let b be q(3). Calculate the greatest common divisor of b and c.
1
Let o(k) be the first derivative of -12*k**2 - 2*k - 2. Let w be o(-2). Suppose 175 - 37 = 2*c. Calculate the greatest common factor of w and c.
23
Let o = 1 + 23. What is the greatest common factor of o and 48?
24
Let p = 17 - -1. Suppose 135 = -m + 4*m. Suppose 3*s = -2*s + m. Calculate the greatest common divisor of p and s.
9
Suppose -9 = -6*m + 3*m, 3*m = 5*q - 11. Let o(g) = -g**3 + 3*g**2 + 4*g + 2. Let d be o(q). Let w = 18 - 13. What is the highest common divisor of d and w?
1
Let l be 2/(-11) - (-172)/(-22). Let b = l - -20. What is the greatest common factor of 12 and b?
12
Let p(g) = -g - 8. Let y be p(-9). Suppose -4 = -b - y. Suppose x + 2 = b*x. Calculate the greatest common factor of 9 and x.
1
Let b(u) = u**2 + 2*u + 26. Let y be b(0). Calculate the greatest common factor of y and 156.
26
Suppose 3*u + t = 60, -u + 29 = -t + 9. Suppose -4*g + 96 + 64 = 0. Calculate the greatest common factor of u and g.
20
Suppose -5*k + 94 - 14 = 0. What is the highest common divisor of k and 8?
8
Suppose 2*w + 6 = 0, o - 38 = 5*w - w. Suppose -2*b - 2 + 132 = 0. What is the greatest common factor of b and o?
13
Suppose -r = -k - 4*r + 13, -5*k = 2*r - 26. Let m be 35/4 - k/(-16). Let w = 8 - -73. What is the highest common factor of w and m?
9
Let y(r) = 19*r - 35. Let b be y(8). Calculate the highest common factor of b and 13.
13
Suppose 0 = -4*x - 2*p - 20, p + 3*p = 4*x + 20. Let i be x/30 + (-7)/(-6). What is the greatest common divisor of i and 9?
1
Let q be (-52)/(-12) - 1/3. What is the greatest common divisor of 28 and q?
4
Let i be 35/(-5)*(-4)/14. Suppose 5*k = -3*m + i*m + 70, -m = -3*k + 50. Calculate the highest common divisor of k and 30.
15
Suppose 5*r + 20 = 6*r. Let w be ((-190)/(-40))/(1/r). Suppose -2*g = -7*g + w. What is the highest common factor of g and 76?
19
Let q = 147 - 87. Calculate the highest common factor of q and 6.
6
Suppose -2*p + 5 + 3 = 0. Suppose 2*j = p*h - j - 96, -5*h + 120 = 3*j. What is the greatest common factor of 36 and h?
12
Suppose 3*q - 2*t - 22 = 2*q, -5*q + 65 = 5*t. What is the greatest common factor of q and 24?
8
Let u = 334 + -190. What is the highest common factor of u and 18?
18
Let h = 3 - -15. Let k(w) = -h*w + w**2 + 0*w**2 + 6*w + 0*w**2 + 13. Let r be k(11). Calculate the greatest common factor of r and 2.
2
Let p(h) = h - 1. Let w(d) = 3*d + 5. Let i(b) = -3*p(b) - w(b). Let r be i(-5). Calculate the greatest common divisor of r and 14.
14
Let w(x) = -x - 5. Let d = 7 - 12. Let u be w(d). Let g be 20/2 + u/(-1). Calculate the greatest common factor of 5 and g.
5
Let c be (0 + -6)/(-4 - -2). Suppose -2*u + c*u - 55 = 0. Calculate the highest common factor of 22 and u.
11
Suppose 0 = 3*y - 5*y + 18. Let w(f) = f**3 + 5*f**2 - 5*f + 2. Let g be w(-4). Let q = g - 20. What is the highest common factor of y and q?
9
Suppose 2*f = -w + 5, 0 = 2*f + 10 - 4. Suppose -2*v + 0*v = -2*b - 90, 5*v - 2*b - 240 = 0. Let d = 105 - v. Calculate the greatest common factor of d and w.
11
Let i = 8 + -5. Suppose 0 = d - 2*d + 5, k + 15 = 3*d. Let z(s) = -s**2 + 24. Let f be z(k). What is the highest common factor of f and i?
3
Let f be 25 - (-4 + 0 + 5). Suppose -5*w = 5, 3*x - 6*x - 4*w = -14. Calculate the highest common factor of x and f.
6
Let d be -4*4*(4 + -5). Let j = 8 - 7. Let l be (6 - (j - 0))*8. What is the highest common divisor of l and d?
8
Let c be (187/(-34))/((-2)/4). Calculate the highest common factor of c and 77.
11
Suppose -1 = -3*l + 5. Calculate the highest common factor of 8 and l.
2
Let s(t) = -5*t - 4*t + 2 - t + 3*t. Let w be s(-2). What is the greatest common factor of 32 and w?
16
Suppose -2*i = 4 - 2. Let o(m) = m - 9. Let c be o(6). Let w be ((-3)/c - i) + 2. What is the greatest common factor of w and 4?
4
Let z = 330 + -165. What is the highest common factor of z and 33?
33
Let o be (2*-1)/(-19 - -18). Calculate the highest common divisor of 30 and o.
2
Let s(v) = 6*v**3 - 2*v**2 + 5*v - 5. Let q be s(2). Calculate the greatest common factor of q and 5.
5
Let r be (41/(-10) + 16/(-40))*-2. What is the greatest common divisor of r and 3?
3
Let a = 2 - 2. Suppose 24 = 4*o + 2*m, 3*o - 2*m + m - 13 = a. Let r = 75 + -30. Calculate the greatest c